 - 14*q**2 - q - 14. Is j(-5) prime?
False
Suppose 8701 = 14*m - 21805. Is m a composite number?
False
Let w be (12 - 0)*21/6. Suppose -y + 3*k + 748 = 4*y, -k = 5*y - 764. Suppose y = 2*c + w. Is c composite?
True
Let i be 4/6 + (-9)/(189/(-49)). Is 1290 - (-1 - (-12)/i)*-1 a prime number?
False
Suppose r - 5 = -4*z + 2*z, -z - 5*r = 11. Let a be (z - 0) + (0 - 650). Let i = a - -987. Is i a composite number?
True
Suppose 2*z - 3000 = -3*z. Suppose -v - 2*f = 376, -z = 2*v - 3*f + 131. Is (-3)/7 - v/14 a composite number?
True
Let u = 2400 - 929. Is u a composite number?
False
Let s(d) = d**3 + d**2 + 3. Let b(n) = n**3 + 11*n**2 + 11*n + 10. Let l be b(-10). Let a be s(l). Is (2 + -1)*a + 554 a composite number?
False
Suppose -4*k - 2*d = -8774, -k + 15*d - 12*d + 2204 = 0. Is k composite?
True
Let g be 22/5 - 4/10. Is 2391/6*(g + -2) a prime number?
True
Let p(x) = -x**3 - 7*x**2 + 4. Let c be p(-6). Let z be 1/(-4 - -3) + c. Is (22/z)/((-1)/3) prime?
True
Let m(l) = -32*l**3 + 3*l**2 + 2. Let o(p) = 128*p**3 - 13*p**2 - p - 9. Let j(w) = -9*m(w) - 2*o(w). Let b be j(-2). Let h = 557 - b. Is h a prime number?
True
Let w(f) = -f + 5. Let k be w(5). Suppose k = 3*o + 3*y - 300, 10 = 5*y - 5. Is o prime?
True
Suppose 6*i - 11*i = -7615. Is i a composite number?
False
Suppose 0*y = -5*y + 30. Suppose 5*h = -q + 6, -y*h + q + 2 = -3*h. Is -6 + 56 + h*-1 composite?
True
Let r(s) = -95*s - 21. Let d = 110 - 118. Is r(d) a prime number?
True
Let f = -1932 - -4491. Is f prime?
False
Let a(d) = -212*d - 11. Let r be a(-8). Suppose 6*o + r - 6203 = 0. Is o a composite number?
True
Suppose -2*w + 15002 = -4*m, -5*w - m + 38073 - 612 = 0. Is w a prime number?
False
Suppose -h + 5 = -2*k + 4*k, k + 3*h = -10. Suppose 49 = k*p - 61. Is p a prime number?
False
Suppose -19*d + 24*d - 7585 = 0. Is d composite?
True
Let l(h) = h - 11. Let t be l(19). Suppose -t*u + 5579 = -u. Is u a prime number?
True
Let h = -4 - -4. Suppose 4*s - s - 81 = h. Let t = 31 + s. Is t composite?
True
Let s(f) = -f**3 + 11*f**2 + 4*f - 7. Let w = 9 + 2. Is s(w) a prime number?
True
Let l(d) = -89*d - 9. Suppose 2*o - o + 4 = 0. Is l(o) a composite number?
False
Let p be 1*(13 - 0) + -3. Let n(q) = q**3 - 16*q**2 - 10*q - 8. Let c be n(p). Is 2 + (-1)/(4/c) composite?
False
Let z = -12 - -17. Let d(a) = -9*a - 1 + z + 2*a**2 - 3. Is d(-6) composite?
False
Let w be (191 - 1)/(6/3). Let y = -16 + w. Is y a prime number?
True
Suppose 0*k = 5*n + 2*k - 1911, n - 5*k - 366 = 0. Suppose -5*t + d - 2*d + n = 0, 4*t - 300 = -2*d. Is t composite?
True
Let s = 1357 - 1953. Let k = 1025 - s. Is k composite?
False
Is (5 - 117/27)*(-34674)/(-4) a composite number?
False
Let w(x) = 19*x**2 + 13*x + 31. Suppose 6*n + 27 = -15. Is w(n) a prime number?
False
Let q(t) = -118*t - 30. Let p be q(9). Let o = p + 1979. Is o a composite number?
False
Suppose -w - 5 + 26 = 4*x, 0 = 3*x + 4*w - 32. Suppose 0 = 5*z - x*z - 1163. Is z prime?
True
Let k = 3062 - -9375. Is k a prime number?
True
Suppose 0 = -5*g + 2 - 17, 3*u + 4*g = -16047. Is ((-4)/10)/(2/u) prime?
True
Let u(s) = -85*s**2 - 3*s. Let k(o) = 172*o**2 + 5*o. Let t(n) = 3*k(n) + 5*u(n). Let c = -1 + 0. Is t(c) a composite number?
True
Let z be (-498)/(-10) - ((-203)/(-35) - 6). Let o(j) = -20*j**3 - j**2 + 2*j - 1. Let l be o(1). Is z/l*2564/(-10) composite?
False
Let b be 2/3*(22 - 1). Suppose -5 = 3*r - b. Suppose -2*z + r*z = 185. Is z composite?
True
Let d(h) = 14721*h**2 + h - 1. Is d(2) composite?
True
Let i(x) = x**3 + 6*x**2 - x - 6. Let j be i(-6). Suppose 4*l + q - 9 = j, -1 = -3*q + 2. Suppose 4*b = 2*h - 30, -3*b = 3*h - l*h - 25. Is h prime?
True
Suppose -4*s + 5877 = -5*h + 2*h, -5877 = 3*h - s. Let u = -1120 - h. Is u prime?
True
Is 15/10*(-161372)/(-6) a prime number?
True
Let t = -930 + 1649. Is t a prime number?
True
Let b(o) = -2*o - 3. Let m be b(-9). Let u = m - 15. Suppose u = -3*p - 81 + 1194. Is p a prime number?
False
Let a(g) = 2 - 21*g + 16 + 19 + 6. Is a(-8) a prime number?
True
Suppose 796 = v + 3*z, 0 = 4*v + 5*z - 3620 + 457. Is v a composite number?
False
Let b = -4 + 6. Suppose -2*r - b*r + 10444 = 0. Is r a composite number?
True
Suppose 27 + 1 = -2*x. Let m = x + 17. Suppose 333 = 3*y - 2*p, 8*y - m*y - 562 = p. Is y prime?
True
Let p(m) = m**3 - 63*m**2 + 130*m + 147. Is p(61) a composite number?
True
Suppose -u - 847 + 6408 = 0. Let w = u - 3132. Is w composite?
True
Is (-412590)/(-26) - (82/(-26) - -3) a prime number?
False
Suppose 0 = 4*n - 230 - 230. Let q = 90 + n. Is q a prime number?
False
Let s = -166 - -2419. Is s prime?
False
Suppose -3*v - 1 = 2*u - 2, 2*v + 6 = 0. Suppose -q + u*q + 4 = 0. Is -1 + (0 - (-125 - q)) composite?
True
Let r be -2 - (2 + 1 + -2 + 0). Is ((-1)/(2 + r))/((-2)/(-598)) a composite number?
True
Let w(y) = -y**3 + 7*y**2 + 9*y. Let p be w(8). Suppose -4*i + 0 = -p. Suppose 2*k - 304 = -d, i*d - 5*k = -396 + 995. Is d prime?
False
Suppose 0 = 4*z - 1295 - 1541. Is z a prime number?
True
Let x = -14 - -17. Let u be 126*(x + 28/(-12)). Is (2 + -3)/((-6)/u) prime?
False
Let m be (-42)/(-11) + 4/22. Suppose -6*y + m = -4*y, -5*p = -2*y - 601. Is p prime?
False
Let b be 4/(-12) - 6/9*1. Is (0 + -7 - -8) + b + 3505 a prime number?
False
Let g(u) = u**3 + 10*u**2 + 13*u - 19. Let b be g(-8). Suppose 4*t = b*t - 191. Is t prime?
True
Suppose 3*y - 1 + 0 = z, 4*y - 4 = 0. Suppose 209 = 3*a + 2*j, 0 = z*a - 4*a + 2*j + 136. Is a a prime number?
False
Let j(g) = 22*g**2 + 6*g + 1. Let s = -3 + 9. Suppose 2*o - s*o - 16 = 0, 0 = 4*f + 5*o + 36. Is j(f) prime?
False
Suppose 216053 = 15*y + 2*y. Is y a prime number?
False
Let n be (-2)/(1/69*36/(-390)). Suppose -1595 = -6*f + n. Is f composite?
True
Let r = -1 - -3. Suppose z - 11 = -r*z + v, 2*z = 3*v + 5. Suppose z*g - 1985 = -g. Is g a composite number?
False
Let h(c) = 123*c**2 - c - 3. Let p be h(3). Let u = p - -38. Is u prime?
False
Suppose -7*p = -1684 - 4525. Is p a prime number?
True
Is (13 - 13) + (-138005)/(-7) a prime number?
False
Let i be (6/21)/(1/14). Suppose i*b = 2884 - 320. Let c = -348 + b. Is c composite?
False
Let p = 1685 + -3019. Let j = 143 - p. Is j a composite number?
True
Suppose -11*r = -13*r + 9974. Is r composite?
False
Let j = -9 - -9. Suppose j = -2*c + g + 681, 3*g + 690 = 2*c - g. Suppose -4*p + n + 623 = 2*n, -5*n = -2*p + c. Is p composite?
False
Let o = 479 + 5808. Is o prime?
True
Suppose 4 = 4*n - 12. Suppose 4*m - n*y = y + 591, 4*y = 3*m - 443. Suppose 0*f + 276 = 3*f - 3*r, 2*f - m = -5*r. Is f prime?
False
Suppose 0*u + 1184 = 8*u. Suppose 2*p + 2*p = u. Is p prime?
True
Suppose -15*i + 833507 = -394948. Is i a prime number?
False
Is (-2)/(-12)*(-139677)/(-2)*4 prime?
True
Let f = 1921 - -2206. Is f prime?
True
Suppose 111 = 6*o - 5*o. Let v = o + -14. Is v a composite number?
False
Let f = -17849 + 41590. Is f composite?
False
Let m(h) = 13*h**2 - 10*h + 7. Suppose -3*f = -4*q - 20, 0 = -4*q - 0*f + 4*f - 16. Is m(q) a prime number?
True
Suppose 21*k - 80484 + 3645 = 0. Is k a prime number?
True
Suppose 4*s = -5*d - 13, 3*s = 7*s - 12. Let h(f) = 7*f + 4*f + 37*f**2 + 5 - 4*f. Is h(d) composite?
True
Let m(i) = i**3 - 3*i**2 + 3*i - 2. Suppose -2*n - 4 = -4*n. Let d be m(n). Suppose -1643 = -5*g + 2*x, 3*g - 982 = 5*x - d*x. Is g prime?
False
Is 1 + 5/20*-146*-234 a composite number?
True
Let b = -10 - -5. Let h = b - -25. Suppose -q + 143 = h. Is q composite?
True
Let o be 8*1/(2/1137). Suppose -11*h = -7*h - o. Suppose 7*g = 4*g + h. Is g a composite number?
False
Let d(o) = -o - 3. Let b be d(-7). Suppose 0 = -2*k + 2*z + 6, -3*z + 2 = b*k - 24. Is (-2)/5 - (-437)/k a composite number?
True
Let p(u) = 2*u**2 + 157 - u**2 - u**3 - u**2. Is p(0) composite?
False
Let c be -84 - (1 - -3) - -4. Let n = 375 + c. Is n composite?
True
Let j = 2 - -8. Let n be ((-96)/(-5))/(2/j). Is n/15 + 2/(-5) a prime number?
False
Let l(z) = z**3 - 14*z**2 + 16*z - 31. Let v be l(13). Is ((-2)/(-4))/(v/30992) a composite number?
True
Suppose h - 2*x - 909 = -0*h, 5*h = x + 4527. Suppose 0*q - 10 = -5*q. Suppose -q*j - 243 = -h. Is j composite?
False
Let g be 37968/30 + (1 - (-9)/(-15)). Suppose 7*j - j = g. Is j a prime number?
True
Let j(t) = 12*t**2 - 9*t + 1. Let n(l) = 11*l**2 - 8*l. Let r(x) = -5*j(x) + 